{"id":180,"date":"2025-08-05T16:44:49","date_gmt":"2025-08-05T15:44:49","guid":{"rendered":"https:\/\/leo.liu.co.at\/?page_id=180"},"modified":"2025-08-05T18:15:47","modified_gmt":"2025-08-05T17:15:47","slug":"elementor-page-180","status":"publish","type":"page","link":"https:\/\/leo.liu.co.at\/index.php\/elementor-page-180\/","title":{"rendered":"Elementor Page #180"},"content":{"rendered":"\t\t<div data-elementor-type=\"wp-page\" data-elementor-id=\"180\" class=\"elementor elementor-180\" data-elementor-post-type=\"page\">\n\t\t\t\t<div class=\"elementor-element elementor-element-a025808 e-flex e-con-boxed e-con e-parent\" data-id=\"a025808\" data-element_type=\"container\">\n\t\t\t\t\t<div class=\"e-con-inner\">\n\t\t\t\t<div class=\"elementor-element elementor-element-5286459 elementor-widget elementor-widget-heading\" data-id=\"5286459\" data-element_type=\"widget\" data-widget_type=\"heading.default\">\n\t\t\t\t\t<h2 class=\"elementor-heading-title elementor-size-default\">Gold- und Keramik Inlays &amp; \u00c4sthetische Zahnheilkunde<\/h2>\t\t\t\t<\/div>\n\t\t\t\t<div class=\"elementor-element elementor-element-11d0114 elementor-widget elementor-widget-text-editor\" data-id=\"11d0114\" data-element_type=\"widget\" data-widget_type=\"text-editor.default\">\n\t\t\t\t\t\t\t\t\t<p data-start=\"0\" data-end=\"522\"><strong data-start=\"0\" data-end=\"28\">Gold- und Keramik-Inlays<\/strong> sind hochwertige F\u00fcllungen, die bei gr\u00f6\u00dferen Zahnsch\u00e4den im Seitenzahnbereich eingesetzt werden. Im Gegensatz zu herk\u00f6mmlichen Kunststoff- oder Amalgamf\u00fcllungen werden Inlays au\u00dferhalb des Mundes im Dentallabor gefertigt und anschlie\u00dfend passgenau in den Zahn eingesetzt. <strong data-start=\"301\" data-end=\"316\">Gold-Inlays<\/strong> zeichnen sich durch ihre extreme Langlebigkeit, Biokompatibilit\u00e4t und hohe Passgenauigkeit aus \u2013 sie sind besonders widerstandsf\u00e4hig gegen\u00fcber Kaubelastung, aber aus \u00e4sthetischer Sicht sichtbar metallisch.<\/p><p data-start=\"524\" data-end=\"990\"><strong data-start=\"524\" data-end=\"542\">Keramik-Inlays<\/strong> hingegen bieten eine hervorragende \u00e4sthetische L\u00f6sung, da sie in Farbe und Struktur dem nat\u00fcrlichen Zahn sehr \u00e4hnlich sind. Sie sind ebenfalls langlebig, metallfrei und gut vertr\u00e4glich. Keramikinlays werden bevorzugt im sichtbaren Bereich verwendet, da sie nahezu unsichtbar im Zahn \u201everschwinden\u201c und ein nat\u00fcrliches Erscheinungsbild bewahren. Beide Varianten setzen eine pr\u00e4zise Abdrucknahme und enge Zusammenarbeit mit dem Zahntechniker voraus.<\/p><p data-start=\"992\" data-end=\"1469\">Die <strong data-start=\"996\" data-end=\"1025\">\u00e4sthetische Zahnheilkunde<\/strong> geht \u00fcber die reine Funktionserhaltung hinaus und legt besonderen Wert auf das harmonische Erscheinungsbild der Z\u00e4hne. Dazu geh\u00f6ren unter anderem Zahnaufhellungen (Bleaching), \u00e4sthetische F\u00fcllungstherapien, Veneers (keramische Verblendschalen), Zahnformkorrekturen sowie die Behandlung von Zahnfehlstellungen mit unauff\u00e4lligen Schienen. Ziel ist es, das nat\u00fcrliche L\u00e4cheln zu versch\u00f6nern und das Selbstbewusstsein der Patient:innen zu st\u00e4rken.<\/p><p data-start=\"1471\" data-end=\"1869\" data-is-last-node=\"\" data-is-only-node=\"\">Ein harmonisches Zusammenspiel von Zahnfarbe, -form und -stellung sowie gesundem Zahnfleisch ist entscheidend f\u00fcr ein \u00e4sthetisch ansprechendes Gesamtbild. Dabei achtet die \u00e4sthetische Zahnmedizin stets auf eine funktionell einwandfreie und substanzschonende Versorgung. Moderne Materialien und Techniken erm\u00f6glichen es heute, \u00e4sthetische Anspr\u00fcche mit hoher Qualit\u00e4t und Langlebigkeit zu verbinden.<\/p>\t\t\t\t\t\t\t\t<\/div>\n\t\t\t\t\t<\/div>\n\t\t\t\t<\/div>\n\t\t\t\t<\/div>\n\t\t","protected":false},"excerpt":{"rendered":"<p>Gold- und Keramik Inlays &amp; \u00c4sthetische Zahnheilkunde Gold- und Keramik-Inlays sind hochwertige F\u00fcllungen, die bei gr\u00f6\u00dferen Zahnsch\u00e4den im Seitenzahnbereich eingesetzt werden. Im Gegensatz zu herk\u00f6mmlichen Kunststoff- oder Amalgamf\u00fcllungen werden Inlays au\u00dferhalb des Mundes im Dentallabor gefertigt und anschlie\u00dfend passgenau in den Zahn eingesetzt. Gold-Inlays zeichnen sich durch ihre extreme Langlebigkeit, Biokompatibilit\u00e4t und hohe Passgenauigkeit aus [&hellip;]<\/p>\n","protected":false},"author":1,"featured_media":0,"parent":0,"menu_order":0,"comment_status":"closed","ping_status":"closed","template":"","meta":{"footnotes":""},"class_list":["post-180","page","type-page","status-publish","hentry"],"_links":{"self":[{"href":"https:\/\/leo.liu.co.at\/index.php\/wp-json\/wp\/v2\/pages\/180","targetHints":{"allow":["GET"]}}],"collection":[{"href":"https:\/\/leo.liu.co.at\/index.php\/wp-json\/wp\/v2\/pages"}],"about":[{"href":"https:\/\/leo.liu.co.at\/index.php\/wp-json\/wp\/v2\/types\/page"}],"author":[{"embeddable":true,"href":"https:\/\/leo.liu.co.at\/index.php\/wp-json\/wp\/v2\/users\/1"}],"replies":[{"embeddable":true,"href":"https:\/\/leo.liu.co.at\/index.php\/wp-json\/wp\/v2\/comments?post=180"}],"version-history":[{"count":7,"href":"https:\/\/leo.liu.co.at\/index.php\/wp-json\/wp\/v2\/pages\/180\/revisions"}],"predecessor-version":[{"id":199,"href":"https:\/\/leo.liu.co.at\/index.php\/wp-json\/wp\/v2\/pages\/180\/revisions\/199"}],"wp:attachment":[{"href":"https:\/\/leo.liu.co.at\/index.php\/wp-json\/wp\/v2\/media?parent=180"}],"curies":[{"name":"wp","href":"https:\/\/api.w.org\/{rel}","templated":true}]}}